uppose -n*h = -0*h - 3*z - 9, -h - 2*z = 6. Let s(j) = -1 + 0 + 0*j + h*j**2 + j**2 - 2*j. Determine s(-1).
2
Suppose 3*v = -2*g + 22, v - 20 = -3*v + 2*g. Let j(h) = h**3 - 5*h**2 - 5*h - 7. Determine j(v).
-1
Suppose 3*o - 5*v - 14 = 0, -3*o + v + 2*v = -12. Let a = 10 + -8. Let z(r) = 5*r**2 + 3 - a - 4*r**2. Determine z(o).
10
Let q(w) = w + 1. Let k(n) = -6*n + 1. Let l(m) = -k(m) - 3*q(m). Give l(3).
5
Let y be (2/(-2))/(-1) + 14. Suppose -h + 6*h = y. Suppose -32 = 2*d + 3*d - h*r, -28 = 3*d - 4*r. Let q(v) = -v**2 - 4*v + 4. What is q(d)?
4
Let h = 16 - 10. Let s(w) = w**2 - 6*w - 8. Give s(h).
-8
Let c(w) = -2*w**3 + 11*w**2 - 2*w - 8. Let z be c(5). Let r(g) = -2*g + 9. What is r(z)?
-5
Suppose -3*s = -2*j + 5, j - 5 = 6*s - 2*s. Let n(q) = -5*q**3 + q**2 - 2*q + 1. Calculate n(j).
-5
Suppose -s - 3*s + q = -29, -2*s - 4*q + 10 = 0. Let p(h) be the second derivative of -h**4/12 + 3*h**3/2 - 9*h**2/2 - 2*h. Calculate p(s).
5
Let b(a) = 1 - a + 0 + 3. Determine b(6).
-2
Let b = -70 + 73. Let i(w) = -w**3 + 4*w**2 - 3*w - 4. Give i(b).
-4
Let v(o) = o + 12. Let m be v(-8). Let z(x) = 2*x + 7. Let p(u) = 3*u + 13. Let n(q) = 3*p(q) - 5*z(q). What is n(m)?
0
Let l(i) = -2*i**2 - 3*i + 1. Suppose 0 = -6*q - 13 - 5. Calculate l(q).
-8
Let i(p) = -p + 1. Let r(f) = 13*f**2 - 12*f**2 + 0 - 1. Let a(z) = i(z) + r(z). Give a(3).
6
Let i(q) = -2*q**3 - q**2 + q + 1. Let y be i(-2). Let s = -8 + y. Let f(c) = -3 - 4*c**3 + 2*c - 4*c**2 + 5*c**3 + 4. What is f(s)?
-2
Let a(p) = 3*p**2 + 5*p - 4. Let y(i) = 7*i**2 + 11*i - 9. Let u(d) = 5*a(d) - 2*y(d). Calculate u(-2).
-4
Let a(t) be the second derivative of -t**5/20 + t**4/4 + t**3/3 + t**2/2 + 2*t. Calculate a(3).
7
Let d be (-2)/(6/4 - 1). Let x(a) be the third derivative of -1/8*a**4 + 3*a**2 + 0*a + 0 - 5/6*a**3. Give x(d).
7
Let n(p) = -p**2 - 4*p. Let h = -100 + 95. What is n(h)?
-5
Let x(q) = -q**3 + q**2 + 5*q - 4. Suppose 6*j + 20 = 11*j. Suppose -j*d + c = -16, -5*d + 37 = -5*c + 2. Give x(d).
-7
Let d(u) = -u**3 + 8*u**2 - 8*u + 9. Suppose 5*n - 38 + 3 = 0. Let l be d(n). Let m(y) = 6*y - 3. What is m(l)?
9
Let l(o) = o**3 + 5*o**2 + o + 5. Let g be 11 + 0 + -3 + 6. Let b = 9 - g. Determine l(b).
0
Let j(q) = -q**3 + q**2 + q - 10. Suppose 0 = 3*k + y + 4, 2*y = -4*k - 3*y - 20. Give j(k).
-10
Let i(n) = 6*n**2 - 2*n - 1. Let m = 5 + 0. Suppose -7*l = -m*l + 2. Give i(l).
7
Let w(h) = 0*h**2 + 2*h + 2*h + h**2 - 3*h - 12. Calculate w(0).
-12
Let h = -13 - -18. Let n(a) = -a**2 + 3*a - 5. What is n(h)?
-15
Let f be 11*5/((-15)/3). Let t(o) be the first derivative of 9*o**2 + 3*o + 1. Let z(i) = -6*i - 1. Let a(k) = f*z(k) - 4*t(k). Determine a(1).
-7
Let d = -2 + -3. Let g(c) = 2*c**3 + 9*c**2 + c - 9. Let q(b) = -5 + 25*b**3 + 7*b**2 - 24*b**3 - 2*b**2 + b. Let m(f) = d*q(f) + 3*g(f). Calculate m(-2).
2
Let w(l) = -l**3 + 10*l - 13*l**2 - 5*l**2 + 11*l**2 + 11. What is w(-8)?
-5
Suppose -3*r = 2*r + 40. Let i(f) = -f - 11. Give i(r).
-3
Suppose 32 = -13*r - 46. Let c(a) = -3*a + 4. What is c(r)?
22
Let a be -1 + (-1)/(-1 + 2). Let l(n) = -2*n**3 + n**3 + 2*n**3 + 0*n**3 + 1 + n**2. Determine l(a).
-3
Let i(h) = -h - 6. Let v = 1 + -5. Let f be ((-1)/3)/(v/(-60)). Determine i(f).
-1
Let r(n) = -n**3 + n**2 + 4*n + 5. Suppose 40 = 5*f - 4*q, 3*f + 22 = 6*f - 2*q. What is r(f)?
-27
Let d(j) = -3*j**2 + 1. Let c(m) = 2*m - 5. Let z be c(3). Calculate d(z).
-2
Suppose -4*f + 6 = 3*a, f = -4*a + 3*f + 8. Let w(l) be the second derivative of 0 - a*l + 1/3*l**3 + 0*l**2. Calculate w(-3).
-6
Let o(i) = -i**2 - i + 1. Let q(u) be the third derivative of -u**4/24 - 2*u**3 + 3*u**2. Let b be q(-10). Calculate o(b).
-1
Suppose -5*z = -y + 2*y + 17, 8 = -4*y. Let g(d) = -2*d**2 + 7*d + 3. Let x(u) = 5*u**2 - 15*u - 6. Let c(b) = -7*g(b) - 3*x(b). Determine c(z).
0
Suppose 0*q - 4*q = 0. Let h be 1 - (q - -2 - -1). Let z = h + -1. Let b(w) = 4*w + 4. Give b(z).
-8
Let j(t) = 10 - 10 - 8*t**2. Let a be 2/7 + 94/14. Let u(w) = 7*w**2 + w + 1. Let k(i) = a*u(i) + 6*j(i). Give k(-5).
-3
Let r(t) be the second derivative of 3*t**5/5 + t**4/12 + t**3/6 + t**2/2 - 6*t. Give r(-1).
-11
Let f(m) be the second derivative of -m**6/120 - m**5/15 - m**4/24 - m**2/2 + m. Let r(c) be the first derivative of f(c). Calculate r(-4).
4
Let z = -2 + 4. Let f(d) be the second derivative of -d**4/12 + d**3/3 - d**2 - d. What is f(z)?
-2
Let v(g) be the second derivative of g**6/360 + g**5/60 + g**4/12 - g**3/6 - 2*g. Let u(a) be the second derivative of v(a). Give u(-3).
5
Let q(p) = -2*p + 7. Let t(u) = 1. Let m(h) = -q(h) - 6*t(h). Give m(9).
5
Let x(k) = -16*k**2 + 6*k + 10. Let m(t) = -3*t**2 + t + 2. Let d(c) = -11*m(c) + 2*x(c). Suppose l = 4*j + 3, -2*j + 2*l - 5 = 1. What is d(j)?
-2
Let b(c) = -c. Let g(s) = -5*s + 1. Let u(d) = -6*b(d) + g(d). Calculate u(7).
8
Let g(w) = w**2 + 4*w - 1. Let t be g(-4). Suppose -4*c + 2*o + 2*o + 16 = 0, 4*o = -c - 6. Let l(s) = -2*s**c - 15 - 2*s**3 + s**2 + 16 + s. Calculate l(t).
1
Let t(r) = 3*r**2 - 4*r - 7. Let d(w) = -1. Let n(u) = -6*d(u) + t(u). Calculate n(3).
14
Let h(x) = -4*x**2 + 12*x + 3. Let y(n) = n**2 + 1. Let i(w) = h(w) + 5*y(w). Let k be i(-11). Let q = k + 0. Let s(z) = z + 2. What is s(q)?
-1
Let i(h) = h**3 + 5*h**2 + 4*h + 5. Let j be 2/(9/2 - 5). What is i(j)?
5
Let s = -44 + 38. Let o(h) = h + 6. Calculate o(s).
0
Suppose s - 29 = 5*q, 2 + 0 = -2*s. Let x(i) = -i**3 - 7*i**2 - 6*i - 1. Determine x(q).
-1
Suppose -26 - 24 = -5*w + 5*m, 0 = -3*w - 3*m. Let d(o) = -1 - 4*o**2 - 2*o**3 + 4*o**2 + w*o**3. Calculate d(-1).
-4
Let c = -17 + 17. Let s(r) = r**2 + 1. Determine s(c).
1
Let a(r) be the first derivative of -r**2 + 9*r + 1. Determine a(6).
-3
Suppose -4 = -4*q - 4*n, 3*n + 12 = q + q. Let z(c) be the second derivative of c**4/12 - 2*c**3/3 + c. Give z(q).
-3
Let q(g) be the third derivative of g**5/60 - g**4/8 - g**3/2 + g**2. Let o(k) = -k**3 + 10*k**2 - 10*k + 7. Let y be o(9). Give q(y).
7
Let g(r) = -r**3 - 3 - 3*r**2 + 1 - r**2 + 5*r. Let c(i) = i**3 - 7*i**2 + 3. Let b be c(7). Suppose -5 = -2*q - 4*o + 1, -4*q - 32 = -b*o. What is g(q)?
-2
Let m(t) be the first derivative of -t**4/24 + t**3/6 + t**2 - 2. Let l(j) be the second derivative of m(j). Let h = -12 + 14. Calculate l(h).
-1
Let x(z) = -2*z + 8. Let t be x(6). Let g(q) = 3*q + 1. Calculate g(t).
-11
Let s(y) = 2*y + 6. Let o be ((-14)/(-4) - 1)*-4. Let x be ((-12)/14)/((-2)/14). Let h = o + x. Give s(h).
-2
Let y(h) = 2*h + 6. Suppose 0 = 10*v - 7*v + 15. Determine y(v).
-4
Suppose -x - 3*x = 12. Let h(p) = -p**3 - 2*p**2 + 2*p - 1. What is h(x)?
2
Let c(x) = 5*x**2 - 9*x - 7. Let v(q) = q**2 - q - 1. Let y(l) = -c(l) + 6*v(l). What is y(-2)?
-1
Let i(p) = -2*p - 3. Suppose 3*x + 3*s - 3 + 0 = 0, -26 = -5*x + 2*s. Let u be x*(2/(-8) - -1). What is i(u)?
-9
Let x be (-2)/4 - (-4)/(-8). Let l be 5 + 3/(-1) - x. Let b(i) = -i**3 + 3*i + 4*i**2 + 2 + 2*i - 6*i. Calculate b(l).
8
Let z = 3 + -3. Suppose z = -0*n - 2*n + 2, 5*u = 5*n. Let p(y) = -1 - y + 2*y + 0 + y**2. Determine p(u).
1
Let y(n) be the third derivative of 1/6*n**3 - 9*n**2 + 0 + 0*n + 7/24*n**4. What is y(-1)?
-6
Let t(j) be the first derivative of -j**3/3 - j**2 - 2*j - 4. Suppose 3*l = -6 - 3. What is t(l)?
-5
Suppose 2*y - 16 = -2*y. Let o(j) = -j + y*j - j - 3*j. Calculate o(-3).
3
Let z(q) be the first derivative of q**2 + 2*q - 18. Give z(3).
8
Let i(b) = -2 + 6*b + 1 - 4 - b**2. Let l = 42 - 38. What is i(l)?
3
Suppose 5*v = 9 + 6. Let u(j) = -j - 1. Let q(b) = -b. Let c(n) = -2*q(n) + u(n). Give c(v).
2
Let j(a) be the first derivative of -4/3*a**3 + 1/4*a**4 + 6 - 5/2*a**2 - 2*a. Let q(u) = 6*u**2 - 1. Let x be q(-1). Calculate j(x).
-2
Let r(w) = -3*w + 1. Let v = 9 - 9. Suppose -a - 1 = -v. Give r(a).
4
Let u(m) = 3*m**2 + 4 - 3 - 4*m**2. Let p(l) = l - 6. Let v be p(6). Calculate u(v).
1
Let h be (-3 - -4) + (-1 - 4). Let m = -4 + 6. Let p(l) = -6 - 2*l**m + 2*l + 3 + l**2 - 5*l. What is p(h)?
-7
Suppose -6 = -0*z + 3*z. Let i(c) = -c. Let y be i(z). Let h(x) = -2*x**3 + 2*x**2 + x - 1. Determine h(y).
-7
Let c(b) = -9*b - 2. Let z be c(-1). Let u(k) = -k - k - 1 + z*k. Give u(-2).
-11
Let p(l) = 11*l**3 + 2*l**2 + l. Suppose 6 = -4*b - 4*t + 30, -b - 4 = -4*t. Suppose -3*v + 2 = 4*q, -b*q - 4*v + 2 = -2.